6*b. Let j be h(-15). Suppose 0*v + 2*c + 681 = v, j = -5*v + 5*c + 3410. Is v a composite number?
False
Let c(r) = -r**3 - 11*r**2 - 8*r + 6. Let u be c(-10). Is ((-2833)/2)/(7/u) a prime number?
True
Suppose -13*s + 54*s + 77391290 = 423*s. Is s prime?
False
Let f = -286 - -290. Suppose 33042 = 10*r - f*r. Is r composite?
False
Suppose -28*i = -35*i. Suppose i = 6*g - 24*g + 44478. Is g prime?
False
Let f be 3 - 4/(20/(-6245)). Suppose 5*t + 635 = 2*j, -j + f = 3*j - 4*t. Let n = j - 217. Is n composite?
True
Let g = 94 - 37. Let p(k) = -161*k - 15 + g - 31. Is p(-6) a composite number?
False
Suppose 0 = -5*r - 2*w + 3240 + 1214, 3580 = 4*r - 4*w. Suppose 0*i + 5*i = 5*y + 2230, 2*i = -4*y + r. Suppose 4*m = 6*m - i. Is m composite?
False
Suppose -3*l = g + 3, 5*g + 169*l + 3 = 166*l. Let q be ((-9)/6)/((-2)/4). Suppose u = -2*h + 317, -q*u + 3*h - 2*h + 916 = g. Is u prime?
True
Let i(l) = l**2 + 12*l - 30. Let z be i(-15). Is (-34)/255 - (-12617)/z a composite number?
True
Let y(t) = 7*t + 13802. Let n be y(0). Suppose 0 = -4*k - 2*q + n, 5*q - q - 10349 = -3*k. Suppose 2*o - k = 5803. Is o composite?
True
Let r = -112 + 115. Suppose r*o = -4*o + 37429. Suppose 4*f + o = 5*k, 0*k - 5*k = -f - 5338. Is k a composite number?
True
Suppose -o + 37 = 2*o + x, 0 = 3*o + 5*x - 29. Suppose -o*i + 12*i + 404 = 0. Suppose -l = -299 - i. Is l a prime number?
False
Let f = -8 - -11. Let w be (-28534)/8 + 1 + f/4. Is (w/2)/(-5) - 3/2 composite?
True
Suppose 2*o + 4*d + d = 153087, 2*d - 229669 = -3*o. Is o a composite number?
False
Let v(i) = 181*i**2 + 35*i + 631. Is v(-30) prime?
False
Let d(k) = 440*k**2 + 52*k + 37. Is d(7) composite?
False
Let v(w) = w**2 - 16*w + 42. Let d be v(13). Let u be d - (-55)/(-4) - (-3)/4. Is 6/u - (1136/(-10) - -7) a composite number?
True
Let p(y) be the third derivative of -11/3*y**3 + 4/15*y**5 + 41*y**2 + 0*y + 0 + 1/120*y**6 + 5/12*y**4. Is p(-13) prime?
False
Is 140/(-24 - -14) - -102585 prime?
False
Let b be -3 + 4 - (-32)/(1 - -3). Suppose b*h + i = 6*h + 3883, -5*i = -3*h + 3859. Is h a prime number?
False
Let c be (-6)/(4 + (-666)/166). Suppose 3*t + m - c = 0, -2*m - 324 = -t - t. Let g = t - 122. Is g composite?
False
Let z = 43 + -23. Suppose 0 = -c - 13 - z. Is 4596/5 + c/15 + 2 prime?
True
Let o(l) be the third derivative of 8223*l**4/8 - 7*l**3/3 + 105*l**2. Is o(1) a prime number?
False
Let y(g) = g**3 + 23*g**2 + g + 22. Let u be y(-23). Is (u - -6) + (-8 - -3412) a prime number?
False
Let r(p) = -254*p**3 + 2*p**2 - 8*p - 49. Is r(-6) composite?
True
Suppose 39 = 3*n + 10*n. Suppose -4*k - 587 = -n*u, u = 4*k + 46 + 139. Is u prime?
False
Suppose -4*r = 978 - 866. Suppose 0 = -2*h + 6*h + 468. Let i = r - h. Is i a composite number?
False
Suppose 0*b - b = -5*b. Suppose b = 17*o - 21*o + 124. Is o prime?
True
Let y be -5 - (-303 - -5)*(-3)/6. Is (-2071450)/(-78) - y/(-3003) a composite number?
False
Let a(k) = -25*k**3 - 9*k**2 - 4*k + 6. Suppose 5*p - 4 = 16. Let x be a(p). Is x*((-4)/(-3) - (-33)/(-18)) prime?
True
Suppose 137806 = 28*x - 4320438. Is x a prime number?
True
Let r = -5697 - -10958. Is r a prime number?
True
Let w(b) be the third derivative of b**6/60 - 4*b**5/15 + 15*b**4/8 + 19*b**3/2 - 4*b**2 - 3. Is w(26) a composite number?
True
Suppose 0 = p + 4, 0 = 2*b - 5*b - 4*p + 10136. Suppose 7*d + b = 12617. Is d a composite number?
False
Let p(d) be the second derivative of d**4/12 + d**3/2 - 3*d**2 + 7*d. Let r be p(-5). Suppose 0*z + 947 = r*o + 3*z, 1145 = 5*o - 4*z. Is o a prime number?
True
Is (-25286)/1*-1 + -13 a prime number?
False
Is (7539429/(-4))/((5037/(-92))/73) composite?
False
Let c = 56401 - 39560. Is c a composite number?
True
Let y be (-26157)/21 + 3/(-7). Let j be (2 + y)*(-4)/8. Is 1 - (-3 + (3 - j)) a composite number?
True
Let s be (777 + -3)/3 - -6. Suppose 0 = -y + 3*a + 2*a + 85, s = 4*y - a. Is y composite?
True
Let r be 5 - ((-8)/(-44) + 70/(-22)). Suppose n = r*u - 9*u + 36378, 4*u + 2*n - 145514 = 0. Is u prime?
False
Suppose -7*u - u = -64. Is 2/u - 147609/(-108) composite?
False
Let b be (-29)/(-9) + 0 - 42/189. Suppose 704 = 2*r + 2*p, r - 1408 = -b*r - p. Let i = 289 + r. Is i composite?
False
Let k be (-80908)/26 + (68/26)/(-17). Let l(a) = -912*a + 3. Let f be l(-5). Let o = f + k. Is o a prime number?
True
Suppose -8*w + 4*w - 2*c + 2737168 = 0, 10 = 5*c. Is w prime?
False
Is 4/(-34) - (-7)/(1904/5224336) a prime number?
True
Is ((-129544)/32)/(2/(-1112)) prime?
False
Let i(c) be the third derivative of -c**5/20 + c**4/12 + c**3/3 + 17*c**2. Let z be i(2). Let o(g) = -87*g - 19. Is o(z) composite?
False
Suppose -72*z = -74*z + 20916. Suppose -z = -3*p + 4359. Is p a composite number?
True
Let d = -427 - 142. Let p = d + 2136. Is p a composite number?
False
Let u(b) = 7*b**3 - 25*b**2 + 4*b + 102. Let z be u(19). Suppose 10*q = 38764 + z. Is q prime?
True
Suppose -3*s + 5*b = -218874, 23*s = 20*s + 3*b + 218868. Is s a prime number?
True
Let d be ((-75)/(-5))/(-4 + 5). Suppose 32*o = d*o + 3451. Is o a composite number?
True
Let y(t) = -2*t**2 - 10*t + 2. Let o be y(-7). Let s = o + 30. Is 3314/6 - s*4/(-24) a composite number?
True
Suppose 5*z = -6*t + 3*t + 11, -5*z = -4*t + 3. Suppose z = -18*l + 17*l. Is (228/9)/(l/3 + 1) a prime number?
False
Let i = -28178 + 72615. Is i a composite number?
True
Let g(c) = c**3 - 4*c**2 - 60*c + 7. Let t be g(-6). Is -1 + 8/t - (-320416)/112 composite?
False
Suppose -3*x - 4*y = -9575, -8*y = -5*x - 4*y + 15905. Let q = x + -352. Is q a prime number?
True
Let d(c) = c**3 - 4*c**2 + c - 11. Let l(z) = -z**3 + 9*z**2 + 10*z + 9. Suppose -23*n - 30 = -26*n. Let a be l(n). Is d(a) prime?
False
Let h = 412 + -410. Suppose 0 = 3*x + h*w - 48315, 2*w + 0*w - 32210 = -2*x. Is x prime?
False
Let z be ((-1784)/(-40) - -9)/((-2)/(-65)). Suppose -3*l - z = -2*v + l, 5*v = 4*l + 4379. Is v composite?
True
Let i be 150871/63 - (-2)/9. Suppose -11*f + i = -6*f. Is f a prime number?
True
Suppose 53*d = 11364499 + 1389474. Is d composite?
False
Let a(m) = 2*m**2 + 4*m + 1. Let j be a(-3). Let g(i) = i**3 - 6*i**2 - 2*i - 5. Let h be g(j). Suppose -t = 2*t - h. Is t prime?
False
Suppose 3*h - 3*t = 643848, -4*h - 4*t - 429234 = -6*h. Is h composite?
True
Let v = 123 + -27. Let b be (-2)/(-3*(-8)/(-276)). Suppose -v = -h + b. Is h composite?
True
Let d = -5 - -45. Suppose -r = -11*r + d. Suppose a - r*a = -7059. Is a a prime number?
False
Let a(q) = -3342*q + 32. Is a(-11) a composite number?
True
Suppose 5*g = -5*f + 20, g - 6*g - 2*f = -23. Suppose g*w - 1061 = 2*n + 3953, 0 = -w - 3*n + 996. Suppose 14992 = 10*b + w. Is b a prime number?
True
Let j be (2/(-3))/(3/(-10503)*3). Suppose -5*h = -t + 1931, 3*t = -2*h + 2*t - j. Let i = 604 + h. Is i prime?
False
Let q be 2/4 - (-1)/(4/18). Suppose 0 = -q*x + 40708 + 21437. Suppose 13*n = 4*n + x. Is n a composite number?
False
Is (-6)/(-8)*(56 + -60) + 83836 prime?
True
Let x(a) = a**3 - a**2 - a + 2. Let m be x(0). Let b(j) = -10 - 156*j - 5*j**m + 2*j**3 - 12 + 158*j. Is b(5) a prime number?
True
Let o be (-330)/(-40)*(-11)/((-22)/72). Let d be (-42 - -1)*(4 + 0). Let l = o + d. Is l prime?
False
Let y(p) = -p**3 + p**2 - 975. Let a be y(0). Let l = a + 1477. Let j = l + -291. Is j a prime number?
True
Let k(n) = n**3 + 4*n**2 - n - 4. Let r be k(-4). Suppose -d - 4*x + 12 + 3 = 0, -4*x + 12 = r. Suppose 63 = -d*f + 156. Is f a composite number?
False
Suppose 0 = 6*i + 4*i - 7570. Suppose 5*z = 32 - 7, 3*z + i = 2*q. Let t = -83 + q. Is t a prime number?
False
Let z(r) = -r**3 + 2*r. Let v be z(-2). Suppose 0 = -3*o - v*a + 16 + 81, -4*a + 66 = 2*o. Let p(h) = 34*h - 87. Is p(o) prime?
True
Suppose -5*v = -0*v - 10480. Let z = -2753 + 1640. Let t = v + z. Is t a composite number?
False
Let h(i) = 2*i**2 - 82*i + 6. Let n be h(41). Is (-9)/27 + 26144/n composite?
False
Suppose g - 15 = -3*x, 0 = g - 2*x + 17 - 7. Suppose f - 3*o - 8498 = g, f = -5*o + 5736 + 2770. Is f composite?
False
Let t(n) = n**2 - 9*n - 10. Let a be t(8). Is (12/4)/(a/(-5034)) prime?
True
Let k be ((-17)/3)/((-4)/24). Suppose 0 = -41*s + k*s + 49. Suppose s*n = -3*n + 4870. Is n a prime number?
True
Let j(f) = -19424*f - 24. Let n be j(-1). Suppose -5*s + 19360 = 5*t, 44*s - 3*t = 39*s + n. Is s prime?
Tru